{"id":26726,"date":"2024-10-07T11:54:34","date_gmt":"2024-10-07T11:54:34","guid":{"rendered":"https:\/\/sublicasa.com\/aanbod\/villas-nabij-het-strand-in-els-poblets-denia\/"},"modified":"2025-05-02T17:53:55","modified_gmt":"2025-05-02T17:53:55","slug":"villas-pres-de-la-plage-a-els-poblets-denia","status":"publish","type":"aanbod","link":"https:\/\/sublicasa.com\/fr\/offre\/villas-pres-de-la-plage-a-els-poblets-denia\/","title":{"rendered":"Villas pr\u00e8s de la plage \u00e0 Els Poblets Denia"},"content":{"rendered":"\n<p>Le quartier r\u00e9sidentiel comprendra 4 belles villas avec jardin privatif, parking et piscine en option. Dans un emplacement imbattable, \u00e0 proximit\u00e9 du centre ville, des commerces et de nombreuses commodit\u00e9s. <strong>Villas pr\u00e8s de la plage \u00e0 Els Poblets Denia<\/strong>, Espagne.<\/p>\n\n\n\n<p>Les villas disposent de trois chambres, deux salles de bains, jardin et solarium.<\/p>\n\n\n\n<h3 class=\"wp-block-heading\"><em>D\u00e9tails: Villas pr\u00e8s de la plage \u00e0 Els Poblets Denia, Espagne&nbsp;<\/em><\/h3>\n\n\n\n<ul class=\"wp-block-list\">\n<li>3 chambres<\/li>\n\n\n\n<li>2 salles de bains<\/li>\n\n\n\n<li>Surface construite : 77 ou 84 m\u00b2<\/li>\n\n\n\n<li>Terrasse : 11+10<\/li>\n\n\n\n<li>Solarium : 59-64 m\u00b2<\/li>\n\n\n\n<li>Terrain : 240-382 m\u00b2<\/li>\n\n\n\n<li>\u00c9clairage LED<\/li>\n\n\n\n<li>Climatisation<\/li>\n\n\n\n<li>Panneaux solaires<\/li>\n\n\n\n<li>Pr\u00e9-installation borne de recharge pour voiture \u00e9lectrique<\/li>\n\n\n\n<li>Parking priv\u00e9<\/li>\n\n\n\n<li>Piscine priv\u00e9e : en option<\/li>\n<\/ul>\n\n\n\n<p><\/p>\n\n\n\n<p><em>Distances&nbsp;:<\/em><\/p>\n\n\n\n<ul class=\"wp-block-list\">\n<li>Plage : 1,5km<\/li>\n\n\n\n<li>Supermarch\u00e9 : 200m<\/li>\n\n\n\n<li>Bars\/restaurants : accessibles \u00e0 pied<\/li>\n\n\n\n<li>Centre de D\u00e9nia : 8 km<\/li>\n\n\n\n<li>A\u00e9roport d&rsquo;Alicante ou de Valence : 1h<\/li>\n<\/ul>\n\n\n\n<p>D\u00e9nia<\/p>\n\n\n\n<p>Denia est l&rsquo;une des destinations baln\u00e9aires pr\u00e9f\u00e9r\u00e9es du tourisme national et international. Elle poss\u00e8de 20 km de c\u00f4tes, avec de belles baies, des plages et une promenade. Denia s&rsquo;est \u00e9norm\u00e9ment d\u00e9velopp\u00e9e ces derni\u00e8res ann\u00e9es et compte actuellement de nombreuses zones r\u00e9sidentielles, tant au sud, bord\u00e9es par le parc naturel du Montg\u00f3, qu&rsquo;au nord, dans la c\u00e9l\u00e8bre zone de Las Marinas.aien, stranden en een promenade. Denia is de laatste jaren enorm gegroeid, en telt momenteel tal van woonwijken, zowel naar het zuiden, begrensd door het Montg\u00f3 natuurpark, als naar het noorden, in het bekende gebied van Las Marinas.<\/p>\n\n\n\n<h4 class=\"wp-block-heading\">Afstanden<\/h4>\n\n\n<div class=\"aftanden-block\">\n\t<ul class=\"afstanden\">\t\t<li><img decoding=\"async\" src=\"https:\/\/sublicasa.com\/wp-content\/uploads\/2024\/08\/plane.svg\" alt=\"\">Luchthaven Alicante of Valencia: 1u<\/li>\n\t\t\t\t<li><img decoding=\"async\" src=\"https:\/\/sublicasa.com\/wp-content\/uploads\/2024\/08\/umbrella.svg\" alt=\"\">Strand: 1,5 km<\/li>\n\t\t\t\t<li><img decoding=\"async\" src=\"https:\/\/sublicasa.com\/wp-content\/uploads\/2024\/08\/bag.svg\" alt=\"\">Supermarkt: 200m<\/li>\n\t\t\t\t<li><img decoding=\"async\" src=\"https:\/\/sublicasa.com\/wp-content\/uploads\/2024\/09\/9799.jpg\" alt=\"\">Bars\/restaurants: wandelafstand<\/li>\n\t\t<\/ul><\/div>\n\n","protected":false},"author":3,"featured_media":12624,"template":"","meta":{"_acf_changed":true,"inline_featured_image":false},"class_list":["post-26726","aanbod","type-aanbod","status-publish","has-post-thumbnail","hentry"],"acf":[],"yoast_head":"<!-- This site is optimized with the Yoast SEO plugin v27.5 - https:\/\/yoast.com\/product\/yoast-seo-wordpress\/ -->\n<title>Villas pr\u00e8s de la plage \u00e0 Els Poblets Denia - Sublicasa<\/title>\n<meta name=\"description\" content=\"Villas pr\u00e8s de la plage \u00e0 Els Poblets Denia, Costa Blanca Nord. Maison \u00e0 vendre Espagne. +15 ans d&#039;exp\u00e9rience en Espagne.\" \/>\n<meta name=\"robots\" content=\"index, follow, max-snippet:-1, max-image-preview:large, max-video-preview:-1\" \/>\n<link rel=\"canonical\" href=\"https:\/\/sublicasa.com\/fr\/offre\/villas-pres-de-la-plage-a-els-poblets-denia\/\" \/>\n<meta property=\"og:locale\" content=\"fr_FR\" \/>\n<meta property=\"og:type\" content=\"article\" \/>\n<meta property=\"og:title\" content=\"Villas pr\u00e8s de la plage \u00e0 Els Poblets Denia - Sublicasa\" \/>\n<meta property=\"og:description\" content=\"Villas pr\u00e8s de la plage \u00e0 Els Poblets Denia, Costa Blanca Nord. Maison \u00e0 vendre Espagne. +15 ans d&#039;exp\u00e9rience en Espagne.\" \/>\n<meta property=\"og:url\" content=\"https:\/\/sublicasa.com\/fr\/offre\/villas-pres-de-la-plage-a-els-poblets-denia\/\" \/>\n<meta property=\"og:site_name\" content=\"Sublicasa\" \/>\n<meta property=\"article:modified_time\" content=\"2025-05-02T17:53:55+00:00\" \/>\n<meta property=\"og:image\" content=\"https:\/\/sublicasa.com\/wp-content\/uploads\/2024\/09\/1-56.jpg\" \/>\n\t<meta property=\"og:image:width\" content=\"1920\" \/>\n\t<meta property=\"og:image:height\" content=\"1080\" \/>\n\t<meta property=\"og:image:type\" content=\"image\/jpeg\" \/>\n<meta name=\"twitter:card\" content=\"summary_large_image\" \/>\n<meta name=\"twitter:label1\" content=\"Dur\u00e9e de lecture estim\u00e9e\" \/>\n\t<meta name=\"twitter:data1\" content=\"2 minutes\" \/>\n<script type=\"application\/ld+json\" class=\"yoast-schema-graph\">{\"@context\":\"https:\\\/\\\/schema.org\",\"@graph\":[{\"@type\":\"WebPage\",\"@id\":\"https:\\\/\\\/sublicasa.com\\\/fr\\\/offre\\\/villas-pres-de-la-plage-a-els-poblets-denia\\\/\",\"url\":\"https:\\\/\\\/sublicasa.com\\\/fr\\\/offre\\\/villas-pres-de-la-plage-a-els-poblets-denia\\\/\",\"name\":\"Villas pr\u00e8s de la plage \u00e0 Els Poblets Denia - Sublicasa\",\"isPartOf\":{\"@id\":\"https:\\\/\\\/sublicasa.com\\\/fr\\\/#website\"},\"primaryImageOfPage\":{\"@id\":\"https:\\\/\\\/sublicasa.com\\\/fr\\\/offre\\\/villas-pres-de-la-plage-a-els-poblets-denia\\\/#primaryimage\"},\"image\":{\"@id\":\"https:\\\/\\\/sublicasa.com\\\/fr\\\/offre\\\/villas-pres-de-la-plage-a-els-poblets-denia\\\/#primaryimage\"},\"thumbnailUrl\":\"https:\\\/\\\/sublicasa.com\\\/wp-content\\\/uploads\\\/2024\\\/09\\\/1-56.jpg\",\"datePublished\":\"2024-10-07T11:54:34+00:00\",\"dateModified\":\"2025-05-02T17:53:55+00:00\",\"description\":\"Villas pr\u00e8s de la plage \u00e0 Els Poblets Denia, Costa Blanca Nord. Maison \u00e0 vendre Espagne. +15 ans d'exp\u00e9rience en Espagne.\",\"breadcrumb\":{\"@id\":\"https:\\\/\\\/sublicasa.com\\\/fr\\\/offre\\\/villas-pres-de-la-plage-a-els-poblets-denia\\\/#breadcrumb\"},\"inLanguage\":\"fr-FR\",\"potentialAction\":[{\"@type\":\"ReadAction\",\"target\":[\"https:\\\/\\\/sublicasa.com\\\/fr\\\/offre\\\/villas-pres-de-la-plage-a-els-poblets-denia\\\/\"]}]},{\"@type\":\"ImageObject\",\"inLanguage\":\"fr-FR\",\"@id\":\"https:\\\/\\\/sublicasa.com\\\/fr\\\/offre\\\/villas-pres-de-la-plage-a-els-poblets-denia\\\/#primaryimage\",\"url\":\"https:\\\/\\\/sublicasa.com\\\/wp-content\\\/uploads\\\/2024\\\/09\\\/1-56.jpg\",\"contentUrl\":\"https:\\\/\\\/sublicasa.com\\\/wp-content\\\/uploads\\\/2024\\\/09\\\/1-56.jpg\",\"width\":1920,\"height\":1080},{\"@type\":\"BreadcrumbList\",\"@id\":\"https:\\\/\\\/sublicasa.com\\\/fr\\\/offre\\\/villas-pres-de-la-plage-a-els-poblets-denia\\\/#breadcrumb\",\"itemListElement\":[{\"@type\":\"ListItem\",\"position\":1,\"name\":\"Home\",\"item\":\"https:\\\/\\\/sublicasa.com\\\/fr\\\/\"},{\"@type\":\"ListItem\",\"position\":2,\"name\":\"Aanbod\",\"item\":\"https:\\\/\\\/sublicasa.com\\\/fr\\\/offre\\\/\"},{\"@type\":\"ListItem\",\"position\":3,\"name\":\"Villas pr\u00e8s de la plage \u00e0 Els Poblets Denia\"}]},{\"@type\":\"WebSite\",\"@id\":\"https:\\\/\\\/sublicasa.com\\\/fr\\\/#website\",\"url\":\"https:\\\/\\\/sublicasa.com\\\/fr\\\/\",\"name\":\"Sublicasa\",\"description\":\"\",\"potentialAction\":[{\"@type\":\"SearchAction\",\"target\":{\"@type\":\"EntryPoint\",\"urlTemplate\":\"https:\\\/\\\/sublicasa.com\\\/fr\\\/?s={search_term_string}\"},\"query-input\":{\"@type\":\"PropertyValueSpecification\",\"valueRequired\":true,\"valueName\":\"search_term_string\"}}],\"inLanguage\":\"fr-FR\"}]}<\/script>\n<!-- \/ Yoast SEO plugin. -->","yoast_head_json":{"title":"Villas pr\u00e8s de la plage \u00e0 Els Poblets Denia - Sublicasa","description":"Villas pr\u00e8s de la plage \u00e0 Els Poblets Denia, Costa Blanca Nord. Maison \u00e0 vendre Espagne. +15 ans d'exp\u00e9rience en Espagne.","robots":{"index":"index","follow":"follow","max-snippet":"max-snippet:-1","max-image-preview":"max-image-preview:large","max-video-preview":"max-video-preview:-1"},"canonical":"https:\/\/sublicasa.com\/fr\/offre\/villas-pres-de-la-plage-a-els-poblets-denia\/","og_locale":"fr_FR","og_type":"article","og_title":"Villas pr\u00e8s de la plage \u00e0 Els Poblets Denia - Sublicasa","og_description":"Villas pr\u00e8s de la plage \u00e0 Els Poblets Denia, Costa Blanca Nord. Maison \u00e0 vendre Espagne. +15 ans d'exp\u00e9rience en Espagne.","og_url":"https:\/\/sublicasa.com\/fr\/offre\/villas-pres-de-la-plage-a-els-poblets-denia\/","og_site_name":"Sublicasa","article_modified_time":"2025-05-02T17:53:55+00:00","og_image":[{"width":1920,"height":1080,"url":"https:\/\/sublicasa.com\/wp-content\/uploads\/2024\/09\/1-56.jpg","type":"image\/jpeg"}],"twitter_card":"summary_large_image","twitter_misc":{"Dur\u00e9e de lecture estim\u00e9e":"2 minutes"},"schema":{"@context":"https:\/\/schema.org","@graph":[{"@type":"WebPage","@id":"https:\/\/sublicasa.com\/fr\/offre\/villas-pres-de-la-plage-a-els-poblets-denia\/","url":"https:\/\/sublicasa.com\/fr\/offre\/villas-pres-de-la-plage-a-els-poblets-denia\/","name":"Villas pr\u00e8s de la plage \u00e0 Els Poblets Denia - Sublicasa","isPartOf":{"@id":"https:\/\/sublicasa.com\/fr\/#website"},"primaryImageOfPage":{"@id":"https:\/\/sublicasa.com\/fr\/offre\/villas-pres-de-la-plage-a-els-poblets-denia\/#primaryimage"},"image":{"@id":"https:\/\/sublicasa.com\/fr\/offre\/villas-pres-de-la-plage-a-els-poblets-denia\/#primaryimage"},"thumbnailUrl":"https:\/\/sublicasa.com\/wp-content\/uploads\/2024\/09\/1-56.jpg","datePublished":"2024-10-07T11:54:34+00:00","dateModified":"2025-05-02T17:53:55+00:00","description":"Villas pr\u00e8s de la plage \u00e0 Els Poblets Denia, Costa Blanca Nord. Maison \u00e0 vendre Espagne. +15 ans d'exp\u00e9rience en Espagne.","breadcrumb":{"@id":"https:\/\/sublicasa.com\/fr\/offre\/villas-pres-de-la-plage-a-els-poblets-denia\/#breadcrumb"},"inLanguage":"fr-FR","potentialAction":[{"@type":"ReadAction","target":["https:\/\/sublicasa.com\/fr\/offre\/villas-pres-de-la-plage-a-els-poblets-denia\/"]}]},{"@type":"ImageObject","inLanguage":"fr-FR","@id":"https:\/\/sublicasa.com\/fr\/offre\/villas-pres-de-la-plage-a-els-poblets-denia\/#primaryimage","url":"https:\/\/sublicasa.com\/wp-content\/uploads\/2024\/09\/1-56.jpg","contentUrl":"https:\/\/sublicasa.com\/wp-content\/uploads\/2024\/09\/1-56.jpg","width":1920,"height":1080},{"@type":"BreadcrumbList","@id":"https:\/\/sublicasa.com\/fr\/offre\/villas-pres-de-la-plage-a-els-poblets-denia\/#breadcrumb","itemListElement":[{"@type":"ListItem","position":1,"name":"Home","item":"https:\/\/sublicasa.com\/fr\/"},{"@type":"ListItem","position":2,"name":"Aanbod","item":"https:\/\/sublicasa.com\/fr\/offre\/"},{"@type":"ListItem","position":3,"name":"Villas pr\u00e8s de la plage \u00e0 Els Poblets Denia"}]},{"@type":"WebSite","@id":"https:\/\/sublicasa.com\/fr\/#website","url":"https:\/\/sublicasa.com\/fr\/","name":"Sublicasa","description":"","potentialAction":[{"@type":"SearchAction","target":{"@type":"EntryPoint","urlTemplate":"https:\/\/sublicasa.com\/fr\/?s={search_term_string}"},"query-input":{"@type":"PropertyValueSpecification","valueRequired":true,"valueName":"search_term_string"}}],"inLanguage":"fr-FR"}]}},"_links":{"self":[{"href":"https:\/\/sublicasa.com\/fr\/wp-json\/wp\/v2\/aanbod\/26726","targetHints":{"allow":["GET"]}}],"collection":[{"href":"https:\/\/sublicasa.com\/fr\/wp-json\/wp\/v2\/aanbod"}],"about":[{"href":"https:\/\/sublicasa.com\/fr\/wp-json\/wp\/v2\/types\/aanbod"}],"author":[{"embeddable":true,"href":"https:\/\/sublicasa.com\/fr\/wp-json\/wp\/v2\/users\/3"}],"wp:featuredmedia":[{"embeddable":true,"href":"https:\/\/sublicasa.com\/fr\/wp-json\/wp\/v2\/media\/12624"}],"wp:attachment":[{"href":"https:\/\/sublicasa.com\/fr\/wp-json\/wp\/v2\/media?parent=26726"}],"curies":[{"name":"wp","href":"https:\/\/api.w.org\/{rel}","templated":true}]}}

Villas près de la plage à Els Poblets Denia

<p>Le quartier résidentiel comprendra 4 belles villas avec jardin privatif, parking et piscine en option. Dans un emplacement imbattable, à proximité du centre ville, des commerces et de nombreuses commodités. <strong>Villas près de la plage à Els Poblets Denia</strong>, Espagne.</p>



<p>Les villas disposent de trois chambres, deux salles de bains, jardin et solarium.</p>



<h3 class="wp-block-heading"><em>Détails: Villas près de la plage à Els Poblets Denia, Espagne&nbsp;</em></h3>



<ul class="wp-block-list">
<li>3 chambres</li>



<li>2 salles de bains</li>



<li>Surface construite : 77 ou 84 m²</li>



<li>Terrasse : 11+10</li>



<li>Solarium : 59-64 m²</li>



<li>Terrain : 240-382 m²</li>



<li>Éclairage LED</li>



<li>Climatisation</li>



<li>Panneaux solaires</li>



<li>Pré-installation borne de recharge pour voiture électrique</li>



<li>Parking privé</li>



<li>Piscine privée : en option</li>
</ul>



<p></p>



<p><em>Distances&nbsp;:</em></p>



<ul class="wp-block-list">
<li>Plage : 1,5km</li>



<li>Supermarché : 200m</li>



<li>Bars/restaurants : accessibles à pied</li>



<li>Centre de Dénia : 8 km</li>



<li>Aéroport d&rsquo;Alicante ou de Valence : 1h</li>
</ul>



<p>Dénia</p>



<p>Denia est l&rsquo;une des destinations balnéaires préférées du tourisme national et international. Elle possède 20 km de côtes, avec de belles baies, des plages et une promenade. Denia s&rsquo;est énormément développée ces dernières années et compte actuellement de nombreuses zones résidentielles, tant au sud, bordées par le parc naturel du Montgó, qu&rsquo;au nord, dans la célèbre zone de Las Marinas.aien, stranden en een promenade. Denia is de laatste jaren enorm gegroeid, en telt momenteel tal van woonwijken, zowel naar het zuiden, begrensd door het Montgó natuurpark, als naar het noorden, in het bekende gebied van Las Marinas.</p>



<h4 class="wp-block-heading">Afstanden</h4>


<div class="aftanden-block">
	<ul class="afstanden">		<li><img decoding="async" src="https://sublicasa.com/wp-content/uploads/2024/08/plane.svg" alt="">Luchthaven Alicante of Valencia: 1u</li>
				<li><img decoding="async" src="https://sublicasa.com/wp-content/uploads/2024/08/umbrella.svg" alt="">Strand: 1,5 km</li>
				<li><img decoding="async" src="https://sublicasa.com/wp-content/uploads/2024/08/bag.svg" alt="">Supermarkt: 200m</li>
				<li><img decoding="async" src="https://sublicasa.com/wp-content/uploads/2024/09/9799.jpg" alt="">Bars/restaurants: wandelafstand</li>
		</ul></div>

<!-- This site is optimized with the Yoast SEO plugin v27.5 - https://yoast.com/product/yoast-seo-wordpress/ -->
<title>Villas près de la plage à Els Poblets Denia - Sublicasa</title>
<meta name="description" content="Villas près de la plage à Els Poblets Denia, Costa Blanca Nord. Maison à vendre Espagne. +15 ans d&#039;expérience en Espagne." />
<meta name="robots" content="index, follow, max-snippet:-1, max-image-preview:large, max-video-preview:-1" />
<link rel="canonical" href="https://sublicasa.com/fr/offre/villas-pres-de-la-plage-a-els-poblets-denia/" />
<meta property="og:locale" content="fr_FR" />
<meta property="og:type" content="article" />
<meta property="og:title" content="Villas près de la plage à Els Poblets Denia - Sublicasa" />
<meta property="og:description" content="Villas près de la plage à Els Poblets Denia, Costa Blanca Nord. Maison à vendre Espagne. +15 ans d&#039;expérience en Espagne." />
<meta property="og:url" content="https://sublicasa.com/fr/offre/villas-pres-de-la-plage-a-els-poblets-denia/" />
<meta property="og:site_name" content="Sublicasa" />
<meta property="article:modified_time" content="2025-05-02T17:53:55+00:00" />
<meta property="og:image" content="https://sublicasa.com/wp-content/uploads/2024/09/1-56.jpg" />
	<meta property="og:image:width" content="1920" />
	<meta property="og:image:height" content="1080" />
	<meta property="og:image:type" content="image/jpeg" />
<meta name="twitter:card" content="summary_large_image" />
<meta name="twitter:label1" content="Durée de lecture estimée" />
	<meta name="twitter:data1" content="2 minutes" />
<script type="application/ld+json" class="yoast-schema-graph">{"@context":"https:\/\/schema.org","@graph":[{"@type":"WebPage","@id":"https:\/\/sublicasa.com\/fr\/offre\/villas-pres-de-la-plage-a-els-poblets-denia\/","url":"https:\/\/sublicasa.com\/fr\/offre\/villas-pres-de-la-plage-a-els-poblets-denia\/","name":"Villas près de la plage à Els Poblets Denia - Sublicasa","isPartOf":{"@id":"https:\/\/sublicasa.com\/fr\/#website"},"primaryImageOfPage":{"@id":"https:\/\/sublicasa.com\/fr\/offre\/villas-pres-de-la-plage-a-els-poblets-denia\/#primaryimage"},"image":{"@id":"https:\/\/sublicasa.com\/fr\/offre\/villas-pres-de-la-plage-a-els-poblets-denia\/#primaryimage"},"thumbnailUrl":"https:\/\/sublicasa.com\/wp-content\/uploads\/2024\/09\/1-56.jpg","datePublished":"2024-10-07T11:54:34+00:00","dateModified":"2025-05-02T17:53:55+00:00","description":"Villas près de la plage à Els Poblets Denia, Costa Blanca Nord. Maison à vendre Espagne. +15 ans d'expérience en Espagne.","breadcrumb":{"@id":"https:\/\/sublicasa.com\/fr\/offre\/villas-pres-de-la-plage-a-els-poblets-denia\/#breadcrumb"},"inLanguage":"fr-FR","potentialAction":[{"@type":"ReadAction","target":["https:\/\/sublicasa.com\/fr\/offre\/villas-pres-de-la-plage-a-els-poblets-denia\/"]}]},{"@type":"ImageObject","inLanguage":"fr-FR","@id":"https:\/\/sublicasa.com\/fr\/offre\/villas-pres-de-la-plage-a-els-poblets-denia\/#primaryimage","url":"https:\/\/sublicasa.com\/wp-content\/uploads\/2024\/09\/1-56.jpg","contentUrl":"https:\/\/sublicasa.com\/wp-content\/uploads\/2024\/09\/1-56.jpg","width":1920,"height":1080},{"@type":"BreadcrumbList","@id":"https:\/\/sublicasa.com\/fr\/offre\/villas-pres-de-la-plage-a-els-poblets-denia\/#breadcrumb","itemListElement":[{"@type":"ListItem","position":1,"name":"Home","item":"https:\/\/sublicasa.com\/fr\/"},{"@type":"ListItem","position":2,"name":"Aanbod","item":"https:\/\/sublicasa.com\/fr\/offre\/"},{"@type":"ListItem","position":3,"name":"Villas près de la plage à Els Poblets Denia"}]},{"@type":"WebSite","@id":"https:\/\/sublicasa.com\/fr\/#website","url":"https:\/\/sublicasa.com\/fr\/","name":"Sublicasa","description":"","potentialAction":[{"@type":"SearchAction","target":{"@type":"EntryPoint","urlTemplate":"https:\/\/sublicasa.com\/fr\/?s={search_term_string}"},"query-input":{"@type":"PropertyValueSpecification","valueRequired":true,"valueName":"search_term_string"}}],"inLanguage":"fr-FR"}]}</script>
<!-- / Yoast SEO plugin. -->

Villas près de la plage à Els Poblets Denia - Sublicasa

Villas près de la plage à Els Poblets Denia, Costa Blanca Nord. Maison à vendre Espagne. +15 ans d'expérience en Espagne.
