{"id":62917,"date":"2026-03-05T16:57:49","date_gmt":"2026-03-05T16:57:49","guid":{"rendered":"https:\/\/sublicasa.com\/aanbod\/appartementen-te-koop-spanje-2\/"},"modified":"2026-03-05T18:16:21","modified_gmt":"2026-03-05T18:16:21","slug":"appartements-a-vendre-en-espagne-2","status":"publish","type":"aanbod","link":"https:\/\/sublicasa.com\/fr\/offre\/appartements-a-vendre-en-espagne-2\/","title":{"rendered":"Appartements \u00e0 vendre en Espagne"},"content":{"rendered":"\n<p>Con\u00e7u dans un style contemporain avec un concept de vie d\u00e9cloisonn\u00e9 et une cuisine am\u00e9ricaine \u00e9quip\u00e9e, ce projet propose des appartements de 3 chambres d&rsquo;une superficie habitable \u00e0 partir de 93 m\u00b2.<\/p>\n\n\n\n<p>Vous avez le choix entre des appartements en rez-de-chauss\u00e9e avec terrasse-jardin \u00e0 partir de 39 m\u00b2 et piscine priv\u00e9e. Les penthouses disposent d&rsquo;une terrasse \u00e0 partir de 10 m\u00b2 et d&rsquo;un solarium priv\u00e9 \u00e0 partir de 92 m\u00b2. Ce dernier est \u00e9quip\u00e9 d&rsquo;une cuisine d&rsquo;\u00e9t\u00e9 et d&rsquo;une piscine ou d&rsquo;un jacuzzi priv\u00e9s.<\/p>\n\n\n\n<p>Situ\u00e9 \u00e0 Pilar de la Horadada (Alicante), le projet b\u00e9n\u00e9ficie d&rsquo;un emplacement id\u00e9al, \u00e0 proximit\u00e9 de toutes les commodit\u00e9s, d&rsquo;installations sportives et de plusieurs terrains de golf. Le centre-ville est accessible \u00e0 pied et la plage de sable fin se trouve \u00e0 environ 2 km.<\/p>\n\n\n\n<p>Les appartements r\u00e9pondent aux plus hautes exigences de qualit\u00e9 et comprennent&nbsp;:<\/p>\n\n\n\n<ul class=\"wp-block-list\">\n<li>Piscine priv\u00e9e ou jacuzzi<\/li>\n\n\n\n<li>Cuisine enti\u00e8rement \u00e9quip\u00e9e avec four, micro-ondes, lave-vaisselle int\u00e9gr\u00e9, r\u00e9frig\u00e9rateur, plaque vitroc\u00e9ramique et hotte aspirante<\/li>\n\n\n\n<li>\u00c9clairage\u00a0: int\u00e9rieur (s\u00e9jour, cuisine, couloirs et salles de bains) et ext\u00e9rieur<\/li>\n\n\n\n<li>Placards int\u00e9gr\u00e9s avec tiroirs, \u00e9tag\u00e8res et porte-manteaux<\/li>\n\n\n\n<li>Salles de bains enti\u00e8rement \u00e9quip\u00e9es avec meuble vasque, lavabo, miroir, WC suspendu, douche \u00e0 l\u2019italienne avec pommeau effet pluie et parois de douche<\/li>\n\n\n\n<li>Pr\u00e9-installation pour la climatisation<\/li>\n\n\n\n<li>Cuisine d\u2019\u00e9t\u00e9 dans le solarium aux \u00e9tages sup\u00e9rieurs<\/li>\n\n\n\n<li>Place de parking<\/li>\n<\/ul>\n\n\n\n<h4 class=\"wp-block-heading\"><strong><em>D\u00e9tails: Appartements \u00e0 vendre en Espagne, Espagne<\/em><\/strong><\/h4>\n\n\n\n<div style=\"height:14px\" aria-hidden=\"true\" class=\"wp-block-spacer\"><\/div>\n\n\n\n<ul class=\"wp-block-list\">\n<li>3 chambres<\/li>\n\n\n\n<li>2 salles de bain<\/li>\n\n\n\n<li>Surface construite: \u00e0 partir de 93 m\u00b2<\/li>\n\n\n\n<li>Jardin-terrasse ou solarium<\/li>\n\n\n\n<li>Piscine priv\u00e9e ou Jacuzzi<\/li>\n\n\n\n<li>Solarium avec cuisine d&rsquo;\u00e9t\u00e9<\/li>\n\n\n\n<li>Pompe \u00e0 chaleur (eau chaude sanitaire)<\/li>\n\n\n\n<li>Parking<\/li>\n\n\n\n<li>\u00c9lectrom\u00e9nager cuisine inclus<\/li>\n\n\n\n<li>Climatisation pr\u00e9install\u00e9e<\/li>\n<\/ul>\n\n\n\n<p>Ach\u00e8vement pr\u00e9vu: janvier 2028<\/p>\n\n\n\n<p>En tant qu\u2019acheteur, vous ne payez aucune commission et b\u00e9n\u00e9ficiez ainsi de nos plus de 17 ans d\u2019exp\u00e9rience. Sublicasa est une agence immobili\u00e8re agr\u00e9\u00e9e&nbsp;; vous optez pour la s\u00e9r\u00e9nit\u00e9, le professionnalisme et un achat sans souci.<em><br><\/em><\/p>\n\n\n\n<h4 class=\"wp-block-heading\">Distances<\/h4>\n\n\n<div class=\"aftanden-block\">\n\t<ul class=\"afstanden\">\t\t<li><img decoding=\"async\" src=\"https:\/\/sublicasa.com\/wp-content\/uploads\/2024\/08\/umbrella.svg\" alt=\"\">Plage: 2 km<\/li>\n\t\t\t\t<li><img decoding=\"async\" src=\"https:\/\/sublicasa.com\/wp-content\/uploads\/2024\/08\/plane.svg\" alt=\"\">Alicante: 50 km<\/li>\n\t\t\t\t<li><img decoding=\"async\" src=\"https:\/\/sublicasa.com\/wp-content\/uploads\/2024\/08\/plane.svg\" alt=\"\">Corvera: 30 km<\/li>\n\t\t\t\t<li><img decoding=\"async\" src=\"https:\/\/sublicasa.com\/wp-content\/uploads\/2024\/10\/Centrum.svg\" alt=\"\">Distance de marche du centre : commerces et restaurants<\/li>\n\t\t<\/ul><\/div>\n\n","protected":false},"author":4,"featured_media":62898,"template":"","meta":{"_acf_changed":true,"inline_featured_image":false},"class_list":["post-62917","aanbod","type-aanbod","status-publish","has-post-thumbnail","hentry"],"acf":[],"yoast_head":"<!-- This site is optimized with the Yoast SEO plugin v27.5 - https:\/\/yoast.com\/product\/yoast-seo-wordpress\/ -->\n<title>Appartements \u00e0 vendre en Espagne - Sublicasa<\/title>\n<meta name=\"description\" content=\"Ref 3082 | Appartements \u00e0 vendre en Espagne | Piscine priv\u00e9e | \u00c0 2 km de la plage de sable | Cuisine enti\u00e8rement \u00e9quip\u00e9e.\" \/>\n<meta name=\"robots\" content=\"index, follow, max-snippet:-1, max-image-preview:large, max-video-preview:-1\" \/>\n<link rel=\"canonical\" href=\"https:\/\/sublicasa.com\/fr\/offre\/appartements-a-vendre-en-espagne-2\/\" \/>\n<meta property=\"og:locale\" content=\"fr_FR\" \/>\n<meta property=\"og:type\" content=\"article\" \/>\n<meta property=\"og:title\" content=\"Appartements \u00e0 vendre en Espagne - Sublicasa\" \/>\n<meta property=\"og:description\" content=\"Ref 3082 | Appartements \u00e0 vendre en Espagne | Piscine priv\u00e9e | \u00c0 2 km de la plage de sable | Cuisine enti\u00e8rement \u00e9quip\u00e9e.\" \/>\n<meta property=\"og:url\" content=\"https:\/\/sublicasa.com\/fr\/offre\/appartements-a-vendre-en-espagne-2\/\" \/>\n<meta property=\"og:site_name\" content=\"Sublicasa\" \/>\n<meta property=\"article:modified_time\" content=\"2026-03-05T18:16:21+00:00\" \/>\n<meta property=\"og:image\" content=\"https:\/\/sublicasa.com\/wp-content\/uploads\/2026\/03\/3082-2.jpg\" \/>\n\t<meta property=\"og:image:width\" content=\"1920\" \/>\n\t<meta property=\"og:image:height\" content=\"1080\" \/>\n\t<meta property=\"og:image:type\" content=\"image\/jpeg\" \/>\n<meta name=\"twitter:card\" content=\"summary_large_image\" \/>\n<meta name=\"twitter:label1\" content=\"Dur\u00e9e de lecture estim\u00e9e\" \/>\n\t<meta name=\"twitter:data1\" content=\"2 minutes\" \/>\n<script type=\"application\/ld+json\" class=\"yoast-schema-graph\">{\"@context\":\"https:\\\/\\\/schema.org\",\"@graph\":[{\"@type\":\"WebPage\",\"@id\":\"https:\\\/\\\/sublicasa.com\\\/fr\\\/offre\\\/appartements-a-vendre-en-espagne-2\\\/\",\"url\":\"https:\\\/\\\/sublicasa.com\\\/fr\\\/offre\\\/appartements-a-vendre-en-espagne-2\\\/\",\"name\":\"Appartements \u00e0 vendre en Espagne - Sublicasa\",\"isPartOf\":{\"@id\":\"https:\\\/\\\/sublicasa.com\\\/fr\\\/#website\"},\"primaryImageOfPage\":{\"@id\":\"https:\\\/\\\/sublicasa.com\\\/fr\\\/offre\\\/appartements-a-vendre-en-espagne-2\\\/#primaryimage\"},\"image\":{\"@id\":\"https:\\\/\\\/sublicasa.com\\\/fr\\\/offre\\\/appartements-a-vendre-en-espagne-2\\\/#primaryimage\"},\"thumbnailUrl\":\"https:\\\/\\\/sublicasa.com\\\/wp-content\\\/uploads\\\/2026\\\/03\\\/3082-2.jpg\",\"datePublished\":\"2026-03-05T16:57:49+00:00\",\"dateModified\":\"2026-03-05T18:16:21+00:00\",\"description\":\"Ref 3082 | Appartements \u00e0 vendre en Espagne | Piscine priv\u00e9e | \u00c0 2 km de la plage de sable | Cuisine enti\u00e8rement \u00e9quip\u00e9e.\",\"breadcrumb\":{\"@id\":\"https:\\\/\\\/sublicasa.com\\\/fr\\\/offre\\\/appartements-a-vendre-en-espagne-2\\\/#breadcrumb\"},\"inLanguage\":\"fr-FR\",\"potentialAction\":[{\"@type\":\"ReadAction\",\"target\":[\"https:\\\/\\\/sublicasa.com\\\/fr\\\/offre\\\/appartements-a-vendre-en-espagne-2\\\/\"]}]},{\"@type\":\"ImageObject\",\"inLanguage\":\"fr-FR\",\"@id\":\"https:\\\/\\\/sublicasa.com\\\/fr\\\/offre\\\/appartements-a-vendre-en-espagne-2\\\/#primaryimage\",\"url\":\"https:\\\/\\\/sublicasa.com\\\/wp-content\\\/uploads\\\/2026\\\/03\\\/3082-2.jpg\",\"contentUrl\":\"https:\\\/\\\/sublicasa.com\\\/wp-content\\\/uploads\\\/2026\\\/03\\\/3082-2.jpg\",\"width\":1920,\"height\":1080,\"caption\":\"Appartements \u00e0 vendre Espagne\"},{\"@type\":\"BreadcrumbList\",\"@id\":\"https:\\\/\\\/sublicasa.com\\\/fr\\\/offre\\\/appartements-a-vendre-en-espagne-2\\\/#breadcrumb\",\"itemListElement\":[{\"@type\":\"ListItem\",\"position\":1,\"name\":\"Home\",\"item\":\"https:\\\/\\\/sublicasa.com\\\/fr\\\/\"},{\"@type\":\"ListItem\",\"position\":2,\"name\":\"Aanbod\",\"item\":\"https:\\\/\\\/sublicasa.com\\\/fr\\\/offre\\\/\"},{\"@type\":\"ListItem\",\"position\":3,\"name\":\"Appartements \u00e0 vendre en Espagne\"}]},{\"@type\":\"WebSite\",\"@id\":\"https:\\\/\\\/sublicasa.com\\\/fr\\\/#website\",\"url\":\"https:\\\/\\\/sublicasa.com\\\/fr\\\/\",\"name\":\"Sublicasa\",\"description\":\"\",\"potentialAction\":[{\"@type\":\"SearchAction\",\"target\":{\"@type\":\"EntryPoint\",\"urlTemplate\":\"https:\\\/\\\/sublicasa.com\\\/fr\\\/?s={search_term_string}\"},\"query-input\":{\"@type\":\"PropertyValueSpecification\",\"valueRequired\":true,\"valueName\":\"search_term_string\"}}],\"inLanguage\":\"fr-FR\"}]}<\/script>\n<!-- \/ Yoast SEO plugin. -->","yoast_head_json":{"title":"Appartements \u00e0 vendre en Espagne - Sublicasa","description":"Ref 3082 | Appartements \u00e0 vendre en Espagne | Piscine priv\u00e9e | \u00c0 2 km de la plage de sable | Cuisine enti\u00e8rement \u00e9quip\u00e9e.","robots":{"index":"index","follow":"follow","max-snippet":"max-snippet:-1","max-image-preview":"max-image-preview:large","max-video-preview":"max-video-preview:-1"},"canonical":"https:\/\/sublicasa.com\/fr\/offre\/appartements-a-vendre-en-espagne-2\/","og_locale":"fr_FR","og_type":"article","og_title":"Appartements \u00e0 vendre en Espagne - Sublicasa","og_description":"Ref 3082 | Appartements \u00e0 vendre en Espagne | Piscine priv\u00e9e | \u00c0 2 km de la plage de sable | Cuisine enti\u00e8rement \u00e9quip\u00e9e.","og_url":"https:\/\/sublicasa.com\/fr\/offre\/appartements-a-vendre-en-espagne-2\/","og_site_name":"Sublicasa","article_modified_time":"2026-03-05T18:16:21+00:00","og_image":[{"width":1920,"height":1080,"url":"https:\/\/sublicasa.com\/wp-content\/uploads\/2026\/03\/3082-2.jpg","type":"image\/jpeg"}],"twitter_card":"summary_large_image","twitter_misc":{"Dur\u00e9e de lecture estim\u00e9e":"2 minutes"},"schema":{"@context":"https:\/\/schema.org","@graph":[{"@type":"WebPage","@id":"https:\/\/sublicasa.com\/fr\/offre\/appartements-a-vendre-en-espagne-2\/","url":"https:\/\/sublicasa.com\/fr\/offre\/appartements-a-vendre-en-espagne-2\/","name":"Appartements \u00e0 vendre en Espagne - Sublicasa","isPartOf":{"@id":"https:\/\/sublicasa.com\/fr\/#website"},"primaryImageOfPage":{"@id":"https:\/\/sublicasa.com\/fr\/offre\/appartements-a-vendre-en-espagne-2\/#primaryimage"},"image":{"@id":"https:\/\/sublicasa.com\/fr\/offre\/appartements-a-vendre-en-espagne-2\/#primaryimage"},"thumbnailUrl":"https:\/\/sublicasa.com\/wp-content\/uploads\/2026\/03\/3082-2.jpg","datePublished":"2026-03-05T16:57:49+00:00","dateModified":"2026-03-05T18:16:21+00:00","description":"Ref 3082 | Appartements \u00e0 vendre en Espagne | Piscine priv\u00e9e | \u00c0 2 km de la plage de sable | Cuisine enti\u00e8rement \u00e9quip\u00e9e.","breadcrumb":{"@id":"https:\/\/sublicasa.com\/fr\/offre\/appartements-a-vendre-en-espagne-2\/#breadcrumb"},"inLanguage":"fr-FR","potentialAction":[{"@type":"ReadAction","target":["https:\/\/sublicasa.com\/fr\/offre\/appartements-a-vendre-en-espagne-2\/"]}]},{"@type":"ImageObject","inLanguage":"fr-FR","@id":"https:\/\/sublicasa.com\/fr\/offre\/appartements-a-vendre-en-espagne-2\/#primaryimage","url":"https:\/\/sublicasa.com\/wp-content\/uploads\/2026\/03\/3082-2.jpg","contentUrl":"https:\/\/sublicasa.com\/wp-content\/uploads\/2026\/03\/3082-2.jpg","width":1920,"height":1080,"caption":"Appartements \u00e0 vendre Espagne"},{"@type":"BreadcrumbList","@id":"https:\/\/sublicasa.com\/fr\/offre\/appartements-a-vendre-en-espagne-2\/#breadcrumb","itemListElement":[{"@type":"ListItem","position":1,"name":"Home","item":"https:\/\/sublicasa.com\/fr\/"},{"@type":"ListItem","position":2,"name":"Aanbod","item":"https:\/\/sublicasa.com\/fr\/offre\/"},{"@type":"ListItem","position":3,"name":"Appartements \u00e0 vendre en Espagne"}]},{"@type":"WebSite","@id":"https:\/\/sublicasa.com\/fr\/#website","url":"https:\/\/sublicasa.com\/fr\/","name":"Sublicasa","description":"","potentialAction":[{"@type":"SearchAction","target":{"@type":"EntryPoint","urlTemplate":"https:\/\/sublicasa.com\/fr\/?s={search_term_string}"},"query-input":{"@type":"PropertyValueSpecification","valueRequired":true,"valueName":"search_term_string"}}],"inLanguage":"fr-FR"}]}},"_links":{"self":[{"href":"https:\/\/sublicasa.com\/fr\/wp-json\/wp\/v2\/aanbod\/62917","targetHints":{"allow":["GET"]}}],"collection":[{"href":"https:\/\/sublicasa.com\/fr\/wp-json\/wp\/v2\/aanbod"}],"about":[{"href":"https:\/\/sublicasa.com\/fr\/wp-json\/wp\/v2\/types\/aanbod"}],"author":[{"embeddable":true,"href":"https:\/\/sublicasa.com\/fr\/wp-json\/wp\/v2\/users\/4"}],"wp:featuredmedia":[{"embeddable":true,"href":"https:\/\/sublicasa.com\/fr\/wp-json\/wp\/v2\/media\/62898"}],"wp:attachment":[{"href":"https:\/\/sublicasa.com\/fr\/wp-json\/wp\/v2\/media?parent=62917"}],"curies":[{"name":"wp","href":"https:\/\/api.w.org\/{rel}","templated":true}]}}

Appartements à vendre en Espagne

<p>Conçu dans un style contemporain avec un concept de vie décloisonné et une cuisine américaine équipée, ce projet propose des appartements de 3 chambres d&rsquo;une superficie habitable à partir de 93 m².</p>



<p>Vous avez le choix entre des appartements en rez-de-chaussée avec terrasse-jardin à partir de 39 m² et piscine privée. Les penthouses disposent d&rsquo;une terrasse à partir de 10 m² et d&rsquo;un solarium privé à partir de 92 m². Ce dernier est équipé d&rsquo;une cuisine d&rsquo;été et d&rsquo;une piscine ou d&rsquo;un jacuzzi privés.</p>



<p>Situé à Pilar de la Horadada (Alicante), le projet bénéficie d&rsquo;un emplacement idéal, à proximité de toutes les commodités, d&rsquo;installations sportives et de plusieurs terrains de golf. Le centre-ville est accessible à pied et la plage de sable fin se trouve à environ 2 km.</p>



<p>Les appartements répondent aux plus hautes exigences de qualité et comprennent&nbsp;:</p>



<ul class="wp-block-list">
<li>Piscine privée ou jacuzzi</li>



<li>Cuisine entièrement équipée avec four, micro-ondes, lave-vaisselle intégré, réfrigérateur, plaque vitrocéramique et hotte aspirante</li>



<li>Éclairage : intérieur (séjour, cuisine, couloirs et salles de bains) et extérieur</li>



<li>Placards intégrés avec tiroirs, étagères et porte-manteaux</li>



<li>Salles de bains entièrement équipées avec meuble vasque, lavabo, miroir, WC suspendu, douche à l’italienne avec pommeau effet pluie et parois de douche</li>



<li>Pré-installation pour la climatisation</li>



<li>Cuisine d’été dans le solarium aux étages supérieurs</li>



<li>Place de parking</li>
</ul>



<h4 class="wp-block-heading"><strong><em>Détails: Appartements à vendre en Espagne, Espagne</em></strong></h4>



<div style="height:14px" aria-hidden="true" class="wp-block-spacer"></div>



<ul class="wp-block-list">
<li>3 chambres</li>



<li>2 salles de bain</li>



<li>Surface construite: à partir de 93 m²</li>



<li>Jardin-terrasse ou solarium</li>



<li>Piscine privée ou Jacuzzi</li>



<li>Solarium avec cuisine d&rsquo;été</li>



<li>Pompe à chaleur (eau chaude sanitaire)</li>



<li>Parking</li>



<li>Électroménager cuisine inclus</li>



<li>Climatisation préinstallée</li>
</ul>



<p>Achèvement prévu: janvier 2028</p>



<p>En tant qu’acheteur, vous ne payez aucune commission et bénéficiez ainsi de nos plus de 17 ans d’expérience. Sublicasa est une agence immobilière agréée&nbsp;; vous optez pour la sérénité, le professionnalisme et un achat sans souci.<em><br></em></p>



<h4 class="wp-block-heading">Distances</h4>


<div class="aftanden-block">
	<ul class="afstanden">		<li><img decoding="async" src="https://sublicasa.com/wp-content/uploads/2024/08/umbrella.svg" alt="">Plage: 2 km</li>
				<li><img decoding="async" src="https://sublicasa.com/wp-content/uploads/2024/08/plane.svg" alt="">Alicante: 50 km</li>
				<li><img decoding="async" src="https://sublicasa.com/wp-content/uploads/2024/08/plane.svg" alt="">Corvera: 30 km</li>
				<li><img decoding="async" src="https://sublicasa.com/wp-content/uploads/2024/10/Centrum.svg" alt="">Distance de marche du centre : commerces et restaurants</li>
		</ul></div>

<!-- This site is optimized with the Yoast SEO plugin v27.5 - https://yoast.com/product/yoast-seo-wordpress/ -->
<title>Appartements à vendre en Espagne - Sublicasa</title>
<meta name="description" content="Ref 3082 | Appartements à vendre en Espagne | Piscine privée | À 2 km de la plage de sable | Cuisine entièrement équipée." />
<meta name="robots" content="index, follow, max-snippet:-1, max-image-preview:large, max-video-preview:-1" />
<link rel="canonical" href="https://sublicasa.com/fr/offre/appartements-a-vendre-en-espagne-2/" />
<meta property="og:locale" content="fr_FR" />
<meta property="og:type" content="article" />
<meta property="og:title" content="Appartements à vendre en Espagne - Sublicasa" />
<meta property="og:description" content="Ref 3082 | Appartements à vendre en Espagne | Piscine privée | À 2 km de la plage de sable | Cuisine entièrement équipée." />
<meta property="og:url" content="https://sublicasa.com/fr/offre/appartements-a-vendre-en-espagne-2/" />
<meta property="og:site_name" content="Sublicasa" />
<meta property="article:modified_time" content="2026-03-05T18:16:21+00:00" />
<meta property="og:image" content="https://sublicasa.com/wp-content/uploads/2026/03/3082-2.jpg" />
	<meta property="og:image:width" content="1920" />
	<meta property="og:image:height" content="1080" />
	<meta property="og:image:type" content="image/jpeg" />
<meta name="twitter:card" content="summary_large_image" />
<meta name="twitter:label1" content="Durée de lecture estimée" />
	<meta name="twitter:data1" content="2 minutes" />
<script type="application/ld+json" class="yoast-schema-graph">{"@context":"https:\/\/schema.org","@graph":[{"@type":"WebPage","@id":"https:\/\/sublicasa.com\/fr\/offre\/appartements-a-vendre-en-espagne-2\/","url":"https:\/\/sublicasa.com\/fr\/offre\/appartements-a-vendre-en-espagne-2\/","name":"Appartements à vendre en Espagne - Sublicasa","isPartOf":{"@id":"https:\/\/sublicasa.com\/fr\/#website"},"primaryImageOfPage":{"@id":"https:\/\/sublicasa.com\/fr\/offre\/appartements-a-vendre-en-espagne-2\/#primaryimage"},"image":{"@id":"https:\/\/sublicasa.com\/fr\/offre\/appartements-a-vendre-en-espagne-2\/#primaryimage"},"thumbnailUrl":"https:\/\/sublicasa.com\/wp-content\/uploads\/2026\/03\/3082-2.jpg","datePublished":"2026-03-05T16:57:49+00:00","dateModified":"2026-03-05T18:16:21+00:00","description":"Ref 3082 | Appartements à vendre en Espagne | Piscine privée | À 2 km de la plage de sable | Cuisine entièrement équipée.","breadcrumb":{"@id":"https:\/\/sublicasa.com\/fr\/offre\/appartements-a-vendre-en-espagne-2\/#breadcrumb"},"inLanguage":"fr-FR","potentialAction":[{"@type":"ReadAction","target":["https:\/\/sublicasa.com\/fr\/offre\/appartements-a-vendre-en-espagne-2\/"]}]},{"@type":"ImageObject","inLanguage":"fr-FR","@id":"https:\/\/sublicasa.com\/fr\/offre\/appartements-a-vendre-en-espagne-2\/#primaryimage","url":"https:\/\/sublicasa.com\/wp-content\/uploads\/2026\/03\/3082-2.jpg","contentUrl":"https:\/\/sublicasa.com\/wp-content\/uploads\/2026\/03\/3082-2.jpg","width":1920,"height":1080,"caption":"Appartements à vendre Espagne"},{"@type":"BreadcrumbList","@id":"https:\/\/sublicasa.com\/fr\/offre\/appartements-a-vendre-en-espagne-2\/#breadcrumb","itemListElement":[{"@type":"ListItem","position":1,"name":"Home","item":"https:\/\/sublicasa.com\/fr\/"},{"@type":"ListItem","position":2,"name":"Aanbod","item":"https:\/\/sublicasa.com\/fr\/offre\/"},{"@type":"ListItem","position":3,"name":"Appartements à vendre en Espagne"}]},{"@type":"WebSite","@id":"https:\/\/sublicasa.com\/fr\/#website","url":"https:\/\/sublicasa.com\/fr\/","name":"Sublicasa","description":"","potentialAction":[{"@type":"SearchAction","target":{"@type":"EntryPoint","urlTemplate":"https:\/\/sublicasa.com\/fr\/?s={search_term_string}"},"query-input":{"@type":"PropertyValueSpecification","valueRequired":true,"valueName":"search_term_string"}}],"inLanguage":"fr-FR"}]}</script>
<!-- / Yoast SEO plugin. -->

Appartements à vendre en Espagne - Sublicasa

Ref 3082 | Appartements à vendre en Espagne | Piscine privée | À 2 km de la plage de sable | Cuisine entièrement équipée.

Appartements à vendre Espagne
